re the prime factors of 421915266?
2, 3, 23, 1019119
What are the prime factors of 318715132?
2, 173, 460571
List the prime factors of 379386314.
2, 17, 11158421
What are the prime factors of 339692320?
2, 5, 11, 257, 751
List the prime factors of 66047467.
23, 2871629
What are the prime factors of 7725574909?
13, 61, 749401
What are the prime factors of 1777553963?
37, 48041999
What are the prime factors of 257236319?
139, 331, 5591
What are the prime factors of 602814141?
3, 66979349
What are the prime factors of 2075298649?
353, 5879033
List the prime factors of 17269116.
2, 3, 47, 67, 457
What are the prime factors of 2181109388?
2, 545277347
List the prime factors of 39740742.
2, 3, 19, 116201
What are the prime factors of 21990497?
29, 617, 1229
What are the prime factors of 67944118?
2, 11, 61, 197, 257
What are the prime factors of 32415486?
2, 3, 5402581
List the prime factors of 183515046.
2, 3, 11, 13, 213887
What are the prime factors of 154059381?
3, 7, 116447
What are the prime factors of 1249837789?
107, 11680727
List the prime factors of 14716830.
2, 3, 5, 19, 25819
What are the prime factors of 1757673286?
2, 3547, 247769
List the prime factors of 2403721676.
2, 10691, 56209
List the prime factors of 3565449762.
2, 3, 7, 2179, 38959
List the prime factors of 4118567185.
5, 887, 928651
List the prime factors of 2361305013.
3, 89, 193, 45823
What are the prime factors of 5814342?
2, 3, 19, 1889
What are the prime factors of 4926590934?
2, 3, 29, 28313741
List the prime factors of 63223032.
2, 3, 19, 138647
What are the prime factors of 78888831?
3, 7, 31, 121181
List the prime factors of 1570511227.
1570511227
What are the prime factors of 881971684?
2, 11, 20044811
What are the prime factors of 59905015?
5, 919, 13037
What are the prime factors of 28772511?
3, 79, 121403
List the prime factors of 2923086538.
2, 191, 7652059
What are the prime factors of 1777672?
2, 13, 17093
What are the prime factors of 78858595?
5, 1741, 9059
What are the prime factors of 1941882094?
2, 79, 347, 35419
List the prime factors of 26557807.
26557807
What are the prime factors of 979552014?
2, 3, 7, 23, 1014029
What are the prime factors of 311963556?
2, 3, 29, 896447
What are the prime factors of 3907580474?
2, 7, 279112891
List the prime factors of 25826527.
25826527
What are the prime factors of 1304782868?
2, 149, 1051, 2083
List the prime factors of 75763407.
3, 17, 1485557
What are the prime factors of 5709625351?
5709625351
What are the prime factors of 330942639?
3, 31, 109, 32647
What are the prime factors of 377152779?
3, 157, 397, 2017
List the prime factors of 10173550.
2, 5, 19, 10709
List the prime factors of 287090677.
73, 3932749
What are the prime factors of 5111972699?
21503, 237733
List the prime factors of 110891452.
2, 7, 389, 10181
What are the prime factors of 311698871?
11, 557, 50873
What are the prime factors of 591265182?
2, 3, 41, 2403517
What are the prime factors of 7823639?
1753, 4463
List the prime factors of 210167855.
5, 17, 127, 19469
List the prime factors of 331464261.
3, 2221, 49747
List the prime factors of 684090134.
2, 7, 13, 89, 157, 269
List the prime factors of 60161431.
11, 727, 7523
What are the prime factors of 833861068?
2, 4603, 45289
What are the prime factors of 40778206?
2, 7, 17, 31, 5527
List the prime factors of 26771942.
2, 37, 331, 1093
List the prime factors of 6159162575.
5, 6571, 37493
What are the prime factors of 350728181?
11743, 29867
What are the prime factors of 5678618?
2, 11, 258119
List the prime factors of 55200668.
2, 13800167
List the prime factors of 4961577156.
2, 3, 31, 103, 129491
List the prime factors of 276652815.
3, 5, 17, 113, 9601
List the prime factors of 192928566.
2, 3, 32154761
List the prime factors of 1142101017.
3, 126900113
List the prime factors of 551942725.
5, 251, 87959
What are the prime factors of 242300554?
2, 6073, 19949
What are the prime factors of 6181065786?
2, 3, 7, 47, 3131239
List the prime factors of 612712017.
3, 68079113
List the prime factors of 1450027323.
3, 149, 1081303
List the prime factors of 490969540.
2, 5, 1847, 13291
List the prime factors of 58793745.
3, 5, 3919583
What are the prime factors of 81087073?
5417, 14969
List the prime factors of 445399119.
3, 11, 47, 95723
List the prime factors of 265489117.
265489117
List the prime factors of 1071527690.
2, 5, 137, 782137
List the prime factors of 1333508975.
5, 53340359
List the prime factors of 115170937.
7, 17, 967823
List the prime factors of 35094885.
3, 5, 7, 17, 19661
What are the prime factors of 40797894?
2, 3, 337, 20177
List the prime factors of 4058581426.
2, 23, 2803, 31477
What are the prime factors of 878717503?
59, 373, 39929
What are the prime factors of 172730848?
2, 73, 73943
List the prime factors of 44029561.
97, 453913
What are the prime factors of 1714574246?
2, 7, 11, 11133599
List the prime factors of 1329634671.
3, 31, 271, 52757
List the prime factors of 1260913682.
2, 7, 19, 23, 43, 4793
What are the prime factors of 117766905?
3, 5, 17, 61, 67, 113
List the prime factors of 2193827617.
269, 8155493
What are the prime factors of 376037952?
2, 3, 1958531
What are the prime factors of 4531733701?
11, 311, 1324681
List the prime factors of 377285121.
3, 47, 99103
List the prime factors of 830303121.
3, 227, 1219241
List the prime factors of 4564152012.
2, 3, 7, 54335143
What are the prime factors of 214162056?
2, 3, 17, 19441
List the prime factors of 5326182407.
7, 13, 58529477
List the prime factors of 6372641773.
6372641773
List the prime factors of 4043970667.
11, 283, 1299059
What are the prime factors of 140040464?
2, 1873, 4673
List the prime factors of 1797144169.
23, 78136703
List the prime factors of 734106254.
2, 7, 47, 467, 2389
List the prime factors of 207381824.
2, 13, 249257
List the prime factors of 1405103616.
2, 3, 7, 127
List the prime factors of 896101571.
18121, 49451
What are the prime factors of 673651708?
2, 739, 227893
What are the prime factors of 169012927?
67, 137, 18413
List the prime factors of 28185484.
2, 97, 72643
List the prime factors of 1150807065.
3, 5, 41, 43, 43517
List the prime factors of 6347352.
2, 3, 11, 24043
What are the prime factors of 477427334?
2, 238713667
List the prime factors of 39480103.
13, 17, 178643
List the prime factors of 30161293.
53, 569081
List the prime factors of 76232061.
3, 71, 119299
List the prime factors of 7055946.
2, 3, 113, 3469
What are the prime factors of 71174359?
17, 1523, 2749
List the prime factors of 228415238.
2, 114207619
List the prime factors of 6831633455.
5, 13259, 103049
What are the prime factors of 2108563295?
5, 17, 23, 647, 1667
What are the prime factors of 840185184?
2, 3, 353, 24793
List the prime factors of 231033057.
3, 409, 188291
List the prime factors of 1950361304.
2, 243795163
What are the prime factors of 40011229?
83, 239, 2017
What are the prime factors of 247285895?
5, 49457179
List the prime factors of 504412722.
2, 3, 11, 19, 134081
What are the prime factors of 40726736?
2, 71, 35851
What are the prime factors of 2671873873?
137, 3137, 6217
List the prime factors of 134686559.
7, 19240937
What are the prime factors of 257001202?
2, 41, 673, 4657
List the prime factors of 681300077.
1087, 626771
What are the prime factors of 2767125212?
2, 691781303
List the prime factors of 2660053108.
2, 61, 10901857
What are the prime factors of 204228765?
3, 5, 13, 349109
List the prime factors of 63141126.
2, 3, 53, 181, 1097
List the prime factors of 581174530.
2, 5, 97, 599149
List the prime factors of 176233079.
11, 463, 34603
List the prime factors of 1546174242.
2, 3, 17, 71, 71167
List the prime factors of 1137849548.
2, 11, 41, 630737
What are the prime factors of 34341821?
43, 798647
List the prime factors of 44318259.
3, 547139
List the prime factors of 75375973.
31, 349, 6967
What are the prime factors of 10353828?
2, 3, 862819
What are the prime factors of 196942740?
2, 3, 5, 3282379
List the prime factors of 671349913.
13, 29, 563, 3163
List the prime factors of 131097170.
2, 5, 13109717
List the prime factors of 688204613.
688204613
List the prime factors of 1809757753.
41, 607, 72719
List the prime factors of 81604562.
2, 13, 3138637
What are